f(o) = 240*o + 38. Let x be f(22). Let s = 11580 - x. Let w = s - 4059. Is w a composite number?
False
Let l = -58037 + 131170. Is l prime?
True
Suppose 5*u = -3*k - 580, 3*u = -2*k + 8*u - 345. Let o = 852 - k. Is o prime?
False
Let l be 2/3*-6 + -3 + 0. Let o(f) = -66*f - 13. Is o(l) composite?
False
Let o(u) = -53*u + 107. Let y be o(10). Let i = -10 - y. Is i prime?
False
Let r(s) = -s - 1. Let m(b) = -253*b**2 - 2*b - 6. Let o(g) = m(g) - 4*r(g). Let w be o(1). Let n = 444 + w. Is n composite?
False
Is (-2)/((-24)/8556242) + (-13725)/(-270) + -50 prime?
True
Let n(h) = h - 17. Let p be n(22). Suppose 2*d = d + p. Suppose q - 788 = -3*s, 0*q + d*q = -2*s + 3901. Is q composite?
True
Suppose -2*i + 198675 = 3*t + i, 2*i + 4 = 0. Suppose -17*x + 24*x - t = 0. Is x prime?
True
Is (-194026)/(-18) + 3 + -1 + 532/(-2394) composite?
False
Let b be (-1)/(-7) - (-116492)/14. Suppose 0 = -11*a - b + 62562. Is a composite?
False
Suppose 0*t = -t + 2*v - 71598, -2*t - 143196 = -5*v. Let n be 2/13 - t/39. Suppose -902 = -2*z + 3*b, -b - b = 4*z - n. Is z prime?
True
Let o(r) = -2*r**3 - 144*r**2 + 181*r - 155. Is o(-76) a prime number?
True
Let u(l) = 3*l - 3. Suppose 10*p = 9*p - 3. Let h be u(p). Is (-191)/(((-2)/4)/((-6)/h)) a prime number?
True
Let c = -5434 + 3855. Let x = c + 3002. Is x a prime number?
True
Let h = 1793 + -2538. Let p = -188 - h. Is p composite?
False
Let y = 206704 - 84941. Is y a composite number?
False
Suppose k - 4*n = 8011, 2*k + 4*n - 10874 = 5148. Let m = k - 762. Is m a composite number?
True
Let o(f) = 6*f**2 + 4*f - 97. Let g(q) = 2*q**2 - 5*q + 25. Let t be g(5). Is o(t) a prime number?
False
Suppose 0 = 23*z - 22*z + 1. Let x = 109 - z. Is (x/20)/(1/6) composite?
True
Let y(s) = -3*s - 3. Let i be y(-22). Suppose -i*w = -68*w + 9965. Is w prime?
True
Let n(k) = 13*k - 3*k**2 - 9*k + 6*k**3 + 11 - 7*k. Let j(g) = -7*g**3 + 3*g**2 + 2*g - 11. Let d(b) = -5*j(b) - 6*n(b). Is d(-9) prime?
False
Suppose 0 = 7*c - 2*c + 2*i, -3*i = -2*c. Suppose 2*s - 3*w + c*w - 203 = 0, -w = -s + 104. Suppose s = 7*j - 3888. Is j prime?
True
Let u(o) = 413694*o - 2045. Is u(4) prime?
True
Let n(g) be the first derivative of -g**4/4 - 16*g**3/3 - 5*g**2 - 24*g + 95. Is n(-19) composite?
False
Suppose 544 = -0*m - 2*m. Let p(v) = 4*v**3 + 2*v**2 - 17*v - 37. Let z be p(-4). Let t = z - m. Is t composite?
False
Suppose 3*h + 2*h = -2*d - 7, -3*h = 5*d + 8. Let u be (-16)/(-8) - (-3469 - h). Suppose -10*n + 21640 = u. Is n a prime number?
False
Suppose 3*j - 4 - 5 = 0. Suppose -5*p - 8*p = 4*p. Suppose -4*v + j*v + 47 = p. Is v prime?
True
Let o = -32 + 44. Suppose 0 = -6*b + 2*b - o. Let w(y) = 22*y**2 - 6*y - 5. Is w(b) prime?
True
Suppose 5*u - 138574 = 3*g, -55564 = 31*u - 33*u - 18*g. Is u composite?
True
Let u = 30 + -48. Let j be 3 + ((-18)/81 - (-50)/u). Suppose j = 2*q + 5*w - 1281, -2*q - 2*w + 1263 = -3*w. Is q composite?
True
Is (222837/(-12))/(4/(-12)*(-15)/(-20)) a prime number?
True
Suppose 3*n = 2*l, 2*n - 4 = 3*n. Let a be (2 + -3 - 0)*0 + -3. Is (-2)/a*l + 587 a composite number?
True
Suppose 2*t - 583 - 174 = -3*h, 1283 = 5*h - 2*t. Let m be (-9)/12 - h/12. Is (60/(-2))/(m/11) prime?
False
Let z = -221591 - -537594. Is z a prime number?
True
Is 63/27 - (-4370)/3 a prime number?
True
Let b = 33860 + 21935. Is b prime?
False
Let v be (-40)/8 - (-1 - -76). Let x be (0 - v/(-12))*(-3 + 6). Is (1 - (-3 + -270))*x/(-8) composite?
True
Let m = 10625 - 16463. Let w = 12380 + m. Is w a composite number?
True
Let s be 2/(-6) + 55468/12. Suppose 9*i - 5*i + 4*w - 7612 = 0, 5*i + 2*w = 9503. Let k = s - i. Is k prime?
False
Let d(k) = 35*k**2 - 1832*k + 61. Is d(-40) a prime number?
True
Let l(v) = -210122*v + 2567. Is l(-6) a prime number?
True
Let t = -180 + 166. Let m(n) = -7*n**3 - 43*n**2 - 11*n + 17. Is m(t) a composite number?
True
Let s(x) = -10*x + 37. Let w be s(4). Let g(t) = -1682*t + 11. Let z be g(w). Suppose 6*q = 19*q - z. Is q composite?
False
Let t(o) = 118*o + 39. Let z be ((-165)/(-22))/((-3)/(-4)). Is t(z) prime?
False
Let m = 352 - -285. Let k = m - -10393. Is 1 + k/8 + (-42)/56 composite?
True
Let p = 38747 + 109014. Is p a prime number?
True
Let n(c) = 9*c**3 + 8*c**2 + 13*c + 25. Let p(r) = -10*r**3 - 8*r**2 - 14*r - 25. Let g(z) = -5*n(z) - 4*p(z). Is g(-5) a prime number?
False
Let s(m) = -4*m**3 - 2*m**2 - m. Let n be (-2)/(10/5) - 1. Let z be s(n). Suppose -24*o + z*o = 2134. Is o a prime number?
False
Suppose 290813 = 23*c + 146522 - 203400. Is c prime?
False
Let t(j) be the first derivative of -j**4/4 - 4*j**3 - 25*j**2/2 - 31*j - 89. Is t(-20) composite?
True
Suppose -6*n = -108 - 6. Let l(f) = 20 - 7*f**3 - 15*f**2 + 7*f + 20*f**3 - 12*f**3. Is l(n) composite?
False
Let m(t) = t**3 + 52*t**2 - 8*t + 188. Suppose 5*o - 5*v + 168 = -67, -3*o + 5*v = 133. Is m(o) a prime number?
False
Suppose 20*a - 928844 = 367776. Is a a prime number?
False
Suppose -t - 7835 = -r, 0 = 3*t - 8*t - 2*r - 39210. Let y = t + 13439. Is y composite?
True
Let m = 880 - 852. Let x = 14 + 19. Suppose m*t + 2510 = x*t. Is t a composite number?
True
Suppose 21129 = 5*g - 2*h, -3*g + 2*g = -2*h - 4221. Let d = g + -1670. Is d prime?
True
Let v be (2/9 - 456/108) + 7. Suppose -16531 = 5*c - 2*r, -2*c - v*c - 16541 = 3*r. Let t = -1908 - c. Is t composite?
False
Suppose -34*i + 30*i - m + 38396 = 0, 2*m - 9599 = -i. Is i prime?
False
Suppose -h - 2768 = -9943. Suppose 26967 + h = 43*g. Is g prime?
False
Let y(i) = 1197*i + 143. Let t(k) = -k - 2. Let b(v) = 3*t(v) - y(v). Is b(-5) a composite number?
False
Suppose -9*h + 8*h = -3. Suppose -2*q + 19 = b, h*b - 29 = -3*q + 22. Suppose b*a - 1955 = 10*a. Is a composite?
True
Let a be (0 + -9)*(-28)/21. Suppose 4*l = f + 597, -f - 3*f + a = 0. Suppose -l + 3575 = 5*v. Is v composite?
True
Suppose -20 = 5*c - 3*u, -3*c - u - 19 = -c. Let h(k) = 133*k**2 - 4*k - 24. Is h(c) composite?
False
Suppose -2*t = -6*g - 279608, -38*t - 139774 = -39*t - 3*g. Is t a prime number?
False
Let d(z) = 220*z**3 + 33*z**3 - 3 + 865*z**3 + z**2 - 8*z + 9*z. Let p(f) = -1118*f**3 - f**2 - 2*f + 4. Let h(v) = 7*d(v) + 6*p(v). Is h(1) composite?
False
Let n(r) = -18*r + 22. Let t be n(1). Suppose -3*l = t*h - 9443, -3*l + 2*h - 1287 = -10736. Is l prime?
False
Let g = 31525 + -12836. Let i = g - 8947. Is i a prime number?
False
Suppose -v + 16 = -4*y, 2*y = 3*y + 3. Suppose v*t - 8615 = 16021. Is t prime?
False
Suppose 5*n - 169 + 11 = 4*k, -5*n - 5*k = -185. Let a = -42 + n. Is (-8)/(-12)*3846*(-10)/a composite?
True
Let z = 18547 - 45716. Is -1 - 30/(-42) - z/7 a composite number?
False
Is 282360 + 1*143/13 a composite number?
True
Suppose -7*s + 4 = -38. Let v be (-4731)/(-4) + s/24. Let a = 2402 - v. Is a a prime number?
False
Let x(y) = y**3 - 9*y**2 + 6. Let f be x(9). Let v(p) = 7*p**3 - 10*p**2 + 11*p - 4. Is v(f) composite?
True
Suppose -2*i + 2*w + 277932 = 0, 0 = 3*i - 15*w + 19*w - 416863. Is i prime?
False
Suppose -2*z = 3*f + 2*z - 1573, 4*f - 2106 = -z. Let a = f - -2490. Is a a composite number?
True
Let l = -79168 - -334035. Is l a composite number?
True
Suppose 6*w - 440 = 28*w. Let x(l) = 6*l + 127. Is x(w) composite?
False
Let f(s) = -306*s + 2. Let q be f(-1). Let h be 2 - (0 - (-1 - (-6)/3)). Suppose h*n + 77 - q = 0. Is n composite?
True
Let b(n) = 118850*n + 1563. Is b(2) a prime number?
True
Suppose -2*u + 0*u = -5*t + 21, -13 = -3*t + u. Suppose -t*j - 8222 = 4*k, 2*j + 10286 = 5*k - 10*k. Let v = k - -3455. Is v a prime number?
False
Suppose -g = 3*q + 8494 - 200620, -14*g = -42. Is q a composite number?
True
Let k be 15/10 - 4/8. Let u = k + 16. Suppose -55 = -2*q - u. Is q a prime number?
True
Suppose 4*g + 14*g = 1865340. Suppose -10*r + g = 15540. Is r composite?
True
Suppose 0 = 4*q - 3*f - 621617, -4*q + 621647 = f + 2*f. Suppose -q = -16*u + 10304. Is u composite?
False
Suppose 0 = 3*m + 2*a - 117866, -3*a - 117861 = -13*m + 10*m. Suppose -5*y = -29*y + m. Is y composite?
False
Suppose 5*l = -5*r + 3283990, -531116 = -l + 4*r + 125647. Is l a composite number?
False
Let m = 383350 + -175301. Is m a prime number?
True
Suppose -m - 7 = -c, m - 35 = -3*c - 2*c. Suppose 2*v - c = -3. Suppose g = -6*n + v*n + 2064, 4*n - 3*g = 2080. Is n composite?
True
Let n = 43 - 46. Let y =